{"id":113,"date":"2021-08-17T09:40:44","date_gmt":"2021-08-17T09:40:44","guid":{"rendered":"https:\/\/wordpress.pflanzenhof-paulwitz.de\/?page_id=113"},"modified":"2021-12-30T10:14:05","modified_gmt":"2021-12-30T10:14:05","slug":"unternehmen","status":"publish","type":"page","link":"https:\/\/pflanzenhof-paulwitz.de\/?page_id=113","title":{"rendered":"Unternehmen"},"content":{"rendered":"<div id=\"textHG\">\n<div id=\"text\">\n<div class=\"text\">\n<div class=\"text\">\n<h2><img decoding=\"async\" class=\"wp-image-212 alignright lazyload\" data-src=\"https:\/\/pflanzenhof-paulwitz.de\/wp-content\/uploads\/2021\/08\/dach.jpg\" alt=\"\" width=\"488\" height=\"305\" data-srcset=\"https:\/\/pflanzenhof-paulwitz.de\/wp-content\/uploads\/2021\/08\/dach.jpg 800w, https:\/\/pflanzenhof-paulwitz.de\/wp-content\/uploads\/2021\/08\/dach-300x188.jpg 300w, https:\/\/pflanzenhof-paulwitz.de\/wp-content\/uploads\/2021\/08\/dach-768x481.jpg 768w\" data-sizes=\"(max-width: 488px) 100vw, 488px\" src=\"data:image\/svg+xml;base64,PHN2ZyB3aWR0aD0iMSIgaGVpZ2h0PSIxIiB4bWxucz0iaHR0cDovL3d3dy53My5vcmcvMjAwMC9zdmciPjwvc3ZnPg==\" style=\"--smush-placeholder-width: 488px; --smush-placeholder-aspect-ratio: 488\/305;\" \/>Der Pflanzenhof im Portrait<\/h2>\n<h2><em>Moderner Dienstleister f\u00fcr den Garten<\/em><\/h2>\n<\/div>\n<p>Auch Gro\u00dfauftr\u00e4ge k\u00f6nnen dank eines neuen Baumschulbereichs erledigt werden.<\/p>\n<p>F\u00fcr Pflanzenzucht und Gartenarbeiten setzen wir modernste Technik ein; unser Pflanzenhof war landesweit Vorreiter bei der Cabrio-Dach-Technik, bei der mit Roll-Off-Schirmen die Pflanzen schattiert oder eine Open-Sky-L\u00fcftung hergestellt wird.<\/p>\n<p>Depotd\u00fcngung, Erdd\u00e4mpfung, geschlossene Bew\u00e4sserungssysteme und Regenwassernutzung schonen die Umwelt, das Treibhaus-Klima wird computergesteuert.<\/p>\n<h2 class=\"css\">Historie<\/h2>\n<h2 class=\"gro\u00df\"><em>Aufbau aus Tr\u00fcmmern<\/em><\/h2>\n<p class=\"klein\" align=\"justify\"><span class=\"image right\"><img decoding=\"async\" class=\"wp-image-12 alignleft lazyload\" data-src=\"https:\/\/pflanzenhof-paulwitz.de\/wp-content\/uploads\/2021\/08\/gpaulwitz.jpg\" alt=\"\" width=\"352\" height=\"232\" src=\"data:image\/svg+xml;base64,PHN2ZyB3aWR0aD0iMSIgaGVpZ2h0PSIxIiB4bWxucz0iaHR0cDovL3d3dy53My5vcmcvMjAwMC9zdmciPjwvc3ZnPg==\" style=\"--smush-placeholder-width: 352px; --smush-placeholder-aspect-ratio: 352\/232;\" \/><\/span>Gegr\u00fcndet wurde der Gartenbaubetrieb Paulwitz <strong>1947 <\/strong>von <strong>Gustav Paulwitz<\/strong>, damals 33. Dessen Vater, Reinhold Paulwitz, F\u00f6rster aus Masuren in Ostpreu\u00dfen, fl\u00fcchtete nach dem Krieg nach Tungendorf. Gustav Paulwitz war in Schlubitten geboren und arbeitete vor der Flucht als Schlo\u00dfg\u00e4rtner in Preu\u00dfisch-Holland beim F\u00fcrsten zu Dohna, einem Freund Kaiser Wilhelms Nur Adlige und Reiche konnten sich damals einen eigenen G\u00e4rtner leisten.<\/p>\n<p class=\"klein\" align=\"justify\">In Tungendorf musste von Null auf angefangen werden. Es war eine Zeit des Improvisierens: F\u00fcr das erste Treibhaus wurden Steine aus Tr\u00fcmmergrundst\u00fccken herausgeklopft, die Scheiben waren aus zerst\u00f6rten D-Z\u00fcgen im Ausbesserungswerk<br \/>\nder Bundesbahn. In den Nachkriegsjahren produzierten Gustav Paulwitz und seine Familie vor allem das f\u00fcr den Markt, was alle brauchten: Essbares. Auf dem Anh\u00e4nger, der mit Schubkarre oder Motorrad zum Markt geschoben oder gefahren wurde, befanden sich Gem\u00fcse, Tomaten-, Gurken-, Sellerie und Salatpflanzen, aber auch die begehrten Tabakpflanzen. Die Tageskasse belief sich auf ein paar Mark. Die Betriebsgenehmigung erteilten die englischen Besatzer.<\/p>\n<p class=\"klein\" align=\"justify\"><strong>1946<\/strong> kam Sohn <strong>Ulrich Paulwitz<\/strong> zur Welt. Der jetzige Seniorchef lernte beim Moorbeetpflanzen-Spezialisten Albert Sch\u00f6llhammer in Neum\u00fcnster und stieg in den Betrieb mit ein. Bis Mitte der 50-er Jahre wurde vor allem selbstgezogenes Gem\u00fcse angeboten; beliefert wurden die Wochenm\u00e4rkte in Neum\u00fcnster, aber auch Segeberg, Rendsburg, Bad Bramstedt und Wahlstedt. Dann wurde das Sortiment erweitert um<br \/>\nGartenpflanzen, Baumschulware und Blumen.<\/p>\n<p class=\"klein\" align=\"justify\"><strong><img decoding=\"async\" class=\"wp-image-13 alignleft lazyload\" data-src=\"https:\/\/pflanzenhof-paulwitz.de\/wp-content\/uploads\/2021\/08\/inhaber.jpg\" alt=\"\" width=\"468\" height=\"312\" data-srcset=\"https:\/\/pflanzenhof-paulwitz.de\/wp-content\/uploads\/2021\/08\/inhaber.jpg 800w, https:\/\/pflanzenhof-paulwitz.de\/wp-content\/uploads\/2021\/08\/inhaber-300x200.jpg 300w, https:\/\/pflanzenhof-paulwitz.de\/wp-content\/uploads\/2021\/08\/inhaber-768x512.jpg 768w\" data-sizes=\"(max-width: 468px) 100vw, 468px\" src=\"data:image\/svg+xml;base64,PHN2ZyB3aWR0aD0iMSIgaGVpZ2h0PSIxIiB4bWxucz0iaHR0cDovL3d3dy53My5vcmcvMjAwMC9zdmciPjwvc3ZnPg==\" style=\"--smush-placeholder-width: 468px; --smush-placeholder-aspect-ratio: 468\/312;\" \/>1976 <\/strong>\u00fcbernahm Ulrich Paulwitz nach dem pl\u00f6tzlichen Tod seines Vaters den Betrieb mit Ehefrau Marianne, erweiterte und modernisierte den Betrieb kontinuierlich.<\/p>\n<p class=\"klein\" align=\"justify\">Ab <strong>1998 <\/strong>wurde die Verkaufs- und Produktionsanlage in mehreren Bauabschnitten komplett erneuert und modernisiert, um den Betrieb f\u00fcr die Zukunft zu r\u00fcsten. Dem Erzeugerbetrieb wurde der Vermarktungsbetrieb \u201ePflanzenhof &amp; Floristik\u201c angegliedert, der vom Juniorchef <strong>Jan Paulwitz<\/strong> geleitet wird. Der Garten- und Landschaftsbau wird auch von <strong>Jan Paulwitz<\/strong> geleitet<\/p>\n<\/div>\n<\/div>\n<\/div>\n","protected":false},"excerpt":{"rendered":"<p>Der Pflanzenhof im Portrait Moderner Dienstleister f\u00fcr den Garten Auch Gro\u00dfauftr\u00e4ge k\u00f6nnen dank eines neuen Baumschulbereichs erledigt werden. F\u00fcr Pflanzenzucht und Gartenarbeiten setzen wir modernste Technik ein; unser Pflanzenhof war landesweit Vorreiter bei der Cabrio-Dach-Technik, bei der mit Roll-Off-Schirmen die Pflanzen schattiert oder eine Open-Sky-L\u00fcftung hergestellt wird. Depotd\u00fcngung, Erdd\u00e4mpfung, geschlossene Bew\u00e4sserungssysteme und Regenwassernutzung schonen die &#8230; <a title=\"Unternehmen\" class=\"read-more\" href=\"https:\/\/pflanzenhof-paulwitz.de\/?page_id=113\" aria-label=\"Mehr Informationen \u00fcber Unternehmen\">Weiterlesen<\/a><\/p>\n","protected":false},"author":1,"featured_media":0,"parent":0,"menu_order":0,"comment_status":"closed","ping_status":"closed","template":"","meta":{"footnotes":""},"class_list":["post-113","page","type-page","status-publish"],"yoast_head":"<!-- This site is optimized with the Yoast SEO Premium plugin v24.2 (Yoast SEO v27.3) - https:\/\/yoast.com\/product\/yoast-seo-premium-wordpress\/ -->\n<title>Unternehmen - Pflanzenhof Paulwitz<\/title>\n<meta name=\"robots\" content=\"index, follow, max-snippet:-1, max-image-preview:large, max-video-preview:-1\" \/>\n<link rel=\"canonical\" href=\"https:\/\/pflanzenhof-paulwitz.de\/?page_id=113\" \/>\n<meta property=\"og:locale\" content=\"de_DE\" \/>\n<meta property=\"og:type\" content=\"article\" \/>\n<meta property=\"og:title\" content=\"Unternehmen\" \/>\n<meta property=\"og:description\" content=\"Der Pflanzenhof im Portrait Moderner Dienstleister f\u00fcr den Garten Auch Gro\u00dfauftr\u00e4ge k\u00f6nnen dank eines neuen Baumschulbereichs erledigt werden. F\u00fcr Pflanzenzucht und Gartenarbeiten setzen wir modernste Technik ein; unser Pflanzenhof war landesweit Vorreiter bei der Cabrio-Dach-Technik, bei der mit Roll-Off-Schirmen die Pflanzen schattiert oder eine Open-Sky-L\u00fcftung hergestellt wird. Depotd\u00fcngung, Erdd\u00e4mpfung, geschlossene Bew\u00e4sserungssysteme und Regenwassernutzung schonen die ... Weiterlesen\" \/>\n<meta property=\"og:url\" content=\"https:\/\/pflanzenhof-paulwitz.de\/?page_id=113\" \/>\n<meta property=\"og:site_name\" content=\"Pflanzenhof Paulwitz\" \/>\n<meta property=\"article:publisher\" content=\"https:\/\/www.facebook.com\/p\/Pflanzenhof-Paulwitz-100063768184160\/?locale=de_DE\" \/>\n<meta property=\"article:modified_time\" content=\"2021-12-30T10:14:05+00:00\" \/>\n<meta property=\"og:image\" content=\"https:\/\/pflanzenhof-paulwitz.de\/wp-content\/uploads\/2021\/08\/dach.jpg\" \/>\n<meta name=\"twitter:card\" content=\"summary_large_image\" \/>\n<meta name=\"twitter:label1\" content=\"Gesch\u00e4tzte Lesezeit\" \/>\n\t<meta name=\"twitter:data1\" content=\"3\u00a0Minuten\" \/>\n<script type=\"application\/ld+json\" class=\"yoast-schema-graph\">{\"@context\":\"https:\\\/\\\/schema.org\",\"@graph\":[{\"@type\":\"WebPage\",\"@id\":\"https:\\\/\\\/pflanzenhof-paulwitz.de\\\/?page_id=113\",\"url\":\"https:\\\/\\\/pflanzenhof-paulwitz.de\\\/?page_id=113\",\"name\":\"Unternehmen - Pflanzenhof Paulwitz\",\"isPartOf\":{\"@id\":\"https:\\\/\\\/pflanzenhof-paulwitz.de\\\/#website\"},\"primaryImageOfPage\":{\"@id\":\"https:\\\/\\\/pflanzenhof-paulwitz.de\\\/?page_id=113#primaryimage\"},\"image\":{\"@id\":\"https:\\\/\\\/pflanzenhof-paulwitz.de\\\/?page_id=113#primaryimage\"},\"thumbnailUrl\":\"https:\\\/\\\/pflanzenhof-paulwitz.de\\\/wp-content\\\/uploads\\\/2021\\\/08\\\/dach.jpg\",\"datePublished\":\"2021-08-17T09:40:44+00:00\",\"dateModified\":\"2021-12-30T10:14:05+00:00\",\"breadcrumb\":{\"@id\":\"https:\\\/\\\/pflanzenhof-paulwitz.de\\\/?page_id=113#breadcrumb\"},\"inLanguage\":\"de\",\"potentialAction\":[{\"@type\":\"ReadAction\",\"target\":[\"https:\\\/\\\/pflanzenhof-paulwitz.de\\\/?page_id=113\"]}]},{\"@type\":\"ImageObject\",\"inLanguage\":\"de\",\"@id\":\"https:\\\/\\\/pflanzenhof-paulwitz.de\\\/?page_id=113#primaryimage\",\"url\":\"https:\\\/\\\/pflanzenhof-paulwitz.de\\\/wp-content\\\/uploads\\\/2021\\\/08\\\/dach.jpg\",\"contentUrl\":\"https:\\\/\\\/pflanzenhof-paulwitz.de\\\/wp-content\\\/uploads\\\/2021\\\/08\\\/dach.jpg\",\"width\":800,\"height\":501},{\"@type\":\"BreadcrumbList\",\"@id\":\"https:\\\/\\\/pflanzenhof-paulwitz.de\\\/?page_id=113#breadcrumb\",\"itemListElement\":[{\"@type\":\"ListItem\",\"position\":1,\"name\":\"Home\",\"item\":\"https:\\\/\\\/pflanzenhof-paulwitz.de\\\/\"},{\"@type\":\"ListItem\",\"position\":2,\"name\":\"Unternehmen\"}]},{\"@type\":\"WebSite\",\"@id\":\"https:\\\/\\\/pflanzenhof-paulwitz.de\\\/#website\",\"url\":\"https:\\\/\\\/pflanzenhof-paulwitz.de\\\/\",\"name\":\"Pflanzenhof Paulwitz\",\"description\":\"DAS Gartencenter in Neum\u00fcnster\",\"publisher\":{\"@id\":\"https:\\\/\\\/pflanzenhof-paulwitz.de\\\/#organization\"},\"potentialAction\":[{\"@type\":\"SearchAction\",\"target\":{\"@type\":\"EntryPoint\",\"urlTemplate\":\"https:\\\/\\\/pflanzenhof-paulwitz.de\\\/?s={search_term_string}\"},\"query-input\":{\"@type\":\"PropertyValueSpecification\",\"valueRequired\":true,\"valueName\":\"search_term_string\"}}],\"inLanguage\":\"de\"},{\"@type\":[\"Organization\",\"Place\"],\"@id\":\"https:\\\/\\\/pflanzenhof-paulwitz.de\\\/#organization\",\"name\":\"Pflanzenhof Paulwitz\",\"alternateName\":\"Paulwitz\",\"url\":\"https:\\\/\\\/pflanzenhof-paulwitz.de\\\/\",\"logo\":{\"@id\":\"https:\\\/\\\/pflanzenhof-paulwitz.de\\\/?page_id=113#local-main-organization-logo\"},\"image\":{\"@id\":\"https:\\\/\\\/pflanzenhof-paulwitz.de\\\/?page_id=113#local-main-organization-logo\"},\"sameAs\":[\"https:\\\/\\\/www.facebook.com\\\/p\\\/Pflanzenhof-Paulwitz-100063768184160\\\/?locale=de_DE\",\"https:\\\/\\\/www.instagram.com\\\/paulwitz_pflanzenhof_floristik\\\/?hl=de\"],\"description\":\"\ud83c\udf3f Ihr Spezialist f\u00fcr Garten & Pflanzen \u2013 Entdecken Sie hochwertige Pflanzen, Gartenbedarf und professionelle Beratung f\u00fcr Ihre gr\u00fcne Oase. \u201eGr\u00fcner leben, sch\u00f6ner wachsen!\u201c \u201eAlles f\u00fcr Gartenfreunde \u2013 Qualit\u00e4t & Vielfalt\u201c \u201eIhr Pflanzencenter \u2013 Natur zum Mitnehmen!\u201c \ud83d\udd39 Willkommen in Ihrem Pflanzencenter \u2013 Wir bieten eine gro\u00dfe Auswahl an Blumen, B\u00e4umen, Str\u00e4uchern und Gartenaccessoires. Lassen Sie sich inspirieren und versch\u00f6nern Sie Ihren Garten mit hochwertigen Pflanzen! \ud83d\udd39 Fachberatung & Qualit\u00e4t \u2013 Unsere Experten unterst\u00fctzen Sie bei der Pflanzenauswahl, Pflege und Gartengestaltung. Profitieren Sie von unserer Erfahrung und schaffen Sie Ihre pers\u00f6nliche Wohlf\u00fchloase! \ud83d\udd39 Nachhaltigkeit & Vielfalt \u2013 Wir setzen auf umweltfreundliche Anbaumethoden und regionale Pflanzen. Bei uns finden Sie alles f\u00fcr ein bl\u00fchendes Zuhause!\",\"legalName\":\"Pflanzenhof Paulwitz\",\"foundingDate\":\"1965-01-01\",\"numberOfEmployees\":{\"@type\":\"QuantitativeValue\",\"minValue\":\"11\",\"maxValue\":\"50\"},\"address\":{\"@id\":\"https:\\\/\\\/pflanzenhof-paulwitz.de\\\/?page_id=113#local-main-place-address\"},\"telephone\":[\"04321 \\\/ 31 5 21\"],\"openingHoursSpecification\":[{\"@type\":\"OpeningHoursSpecification\",\"dayOfWeek\":[\"Monday\",\"Tuesday\",\"Wednesday\",\"Thursday\",\"Friday\"],\"opens\":\"08:00\",\"closes\":\"18:00\"},{\"@type\":\"OpeningHoursSpecification\",\"dayOfWeek\":[\"Saturday\"],\"opens\":\"08:00\",\"closes\":\"16:00\"},{\"@type\":\"OpeningHoursSpecification\",\"dayOfWeek\":[\"Sunday\"],\"opens\":\"08:00\",\"closes\":\"00:00\"}],\"email\":\"info@pflanzenhof-paulwitz.de\",\"areaServed\":\"Gartenbau Pflanzencenter\"},{\"@type\":\"PostalAddress\",\"@id\":\"https:\\\/\\\/pflanzenhof-paulwitz.de\\\/?page_id=113#local-main-place-address\",\"streetAddress\":\"Norderdorfkamp 26\",\"addressLocality\":\"Neum\u00fcnster\",\"postalCode\":\"24536\",\"addressRegion\":\"Deutschland\",\"addressCountry\":\"DE\"},{\"@type\":\"ImageObject\",\"inLanguage\":\"de\",\"@id\":\"https:\\\/\\\/pflanzenhof-paulwitz.de\\\/?page_id=113#local-main-organization-logo\",\"url\":\"https:\\\/\\\/pflanzenhof-paulwitz.de\\\/wp-content\\\/uploads\\\/2021\\\/09\\\/logo_neu-1-e1739703116923.jpg\",\"contentUrl\":\"https:\\\/\\\/pflanzenhof-paulwitz.de\\\/wp-content\\\/uploads\\\/2021\\\/09\\\/logo_neu-1-e1739703116923.jpg\",\"width\":185,\"height\":128,\"caption\":\"Pflanzenhof Paulwitz\"}]}<\/script>\n<meta name=\"geo.placename\" content=\"Neum\u00fcnster\" \/>\n<meta name=\"geo.region\" content=\"Deutschland\" \/>\n<!-- \/ Yoast SEO Premium plugin. -->","yoast_head_json":{"title":"Unternehmen - Pflanzenhof Paulwitz","robots":{"index":"index","follow":"follow","max-snippet":"max-snippet:-1","max-image-preview":"max-image-preview:large","max-video-preview":"max-video-preview:-1"},"canonical":"https:\/\/pflanzenhof-paulwitz.de\/?page_id=113","og_locale":"de_DE","og_type":"article","og_title":"Unternehmen","og_description":"Der Pflanzenhof im Portrait Moderner Dienstleister f\u00fcr den Garten Auch Gro\u00dfauftr\u00e4ge k\u00f6nnen dank eines neuen Baumschulbereichs erledigt werden. F\u00fcr Pflanzenzucht und Gartenarbeiten setzen wir modernste Technik ein; unser Pflanzenhof war landesweit Vorreiter bei der Cabrio-Dach-Technik, bei der mit Roll-Off-Schirmen die Pflanzen schattiert oder eine Open-Sky-L\u00fcftung hergestellt wird. Depotd\u00fcngung, Erdd\u00e4mpfung, geschlossene Bew\u00e4sserungssysteme und Regenwassernutzung schonen die ... Weiterlesen","og_url":"https:\/\/pflanzenhof-paulwitz.de\/?page_id=113","og_site_name":"Pflanzenhof Paulwitz","article_publisher":"https:\/\/www.facebook.com\/p\/Pflanzenhof-Paulwitz-100063768184160\/?locale=de_DE","article_modified_time":"2021-12-30T10:14:05+00:00","og_image":[{"url":"https:\/\/pflanzenhof-paulwitz.de\/wp-content\/uploads\/2021\/08\/dach.jpg","type":"","width":"","height":""}],"twitter_card":"summary_large_image","twitter_misc":{"Gesch\u00e4tzte Lesezeit":"3\u00a0Minuten"},"schema":{"@context":"https:\/\/schema.org","@graph":[{"@type":"WebPage","@id":"https:\/\/pflanzenhof-paulwitz.de\/?page_id=113","url":"https:\/\/pflanzenhof-paulwitz.de\/?page_id=113","name":"Unternehmen - Pflanzenhof Paulwitz","isPartOf":{"@id":"https:\/\/pflanzenhof-paulwitz.de\/#website"},"primaryImageOfPage":{"@id":"https:\/\/pflanzenhof-paulwitz.de\/?page_id=113#primaryimage"},"image":{"@id":"https:\/\/pflanzenhof-paulwitz.de\/?page_id=113#primaryimage"},"thumbnailUrl":"https:\/\/pflanzenhof-paulwitz.de\/wp-content\/uploads\/2021\/08\/dach.jpg","datePublished":"2021-08-17T09:40:44+00:00","dateModified":"2021-12-30T10:14:05+00:00","breadcrumb":{"@id":"https:\/\/pflanzenhof-paulwitz.de\/?page_id=113#breadcrumb"},"inLanguage":"de","potentialAction":[{"@type":"ReadAction","target":["https:\/\/pflanzenhof-paulwitz.de\/?page_id=113"]}]},{"@type":"ImageObject","inLanguage":"de","@id":"https:\/\/pflanzenhof-paulwitz.de\/?page_id=113#primaryimage","url":"https:\/\/pflanzenhof-paulwitz.de\/wp-content\/uploads\/2021\/08\/dach.jpg","contentUrl":"https:\/\/pflanzenhof-paulwitz.de\/wp-content\/uploads\/2021\/08\/dach.jpg","width":800,"height":501},{"@type":"BreadcrumbList","@id":"https:\/\/pflanzenhof-paulwitz.de\/?page_id=113#breadcrumb","itemListElement":[{"@type":"ListItem","position":1,"name":"Home","item":"https:\/\/pflanzenhof-paulwitz.de\/"},{"@type":"ListItem","position":2,"name":"Unternehmen"}]},{"@type":"WebSite","@id":"https:\/\/pflanzenhof-paulwitz.de\/#website","url":"https:\/\/pflanzenhof-paulwitz.de\/","name":"Pflanzenhof Paulwitz","description":"DAS Gartencenter in Neum\u00fcnster","publisher":{"@id":"https:\/\/pflanzenhof-paulwitz.de\/#organization"},"potentialAction":[{"@type":"SearchAction","target":{"@type":"EntryPoint","urlTemplate":"https:\/\/pflanzenhof-paulwitz.de\/?s={search_term_string}"},"query-input":{"@type":"PropertyValueSpecification","valueRequired":true,"valueName":"search_term_string"}}],"inLanguage":"de"},{"@type":["Organization","Place"],"@id":"https:\/\/pflanzenhof-paulwitz.de\/#organization","name":"Pflanzenhof Paulwitz","alternateName":"Paulwitz","url":"https:\/\/pflanzenhof-paulwitz.de\/","logo":{"@id":"https:\/\/pflanzenhof-paulwitz.de\/?page_id=113#local-main-organization-logo"},"image":{"@id":"https:\/\/pflanzenhof-paulwitz.de\/?page_id=113#local-main-organization-logo"},"sameAs":["https:\/\/www.facebook.com\/p\/Pflanzenhof-Paulwitz-100063768184160\/?locale=de_DE","https:\/\/www.instagram.com\/paulwitz_pflanzenhof_floristik\/?hl=de"],"description":"\ud83c\udf3f Ihr Spezialist f\u00fcr Garten & Pflanzen \u2013 Entdecken Sie hochwertige Pflanzen, Gartenbedarf und professionelle Beratung f\u00fcr Ihre gr\u00fcne Oase. \u201eGr\u00fcner leben, sch\u00f6ner wachsen!\u201c \u201eAlles f\u00fcr Gartenfreunde \u2013 Qualit\u00e4t & Vielfalt\u201c \u201eIhr Pflanzencenter \u2013 Natur zum Mitnehmen!\u201c \ud83d\udd39 Willkommen in Ihrem Pflanzencenter \u2013 Wir bieten eine gro\u00dfe Auswahl an Blumen, B\u00e4umen, Str\u00e4uchern und Gartenaccessoires. Lassen Sie sich inspirieren und versch\u00f6nern Sie Ihren Garten mit hochwertigen Pflanzen! \ud83d\udd39 Fachberatung & Qualit\u00e4t \u2013 Unsere Experten unterst\u00fctzen Sie bei der Pflanzenauswahl, Pflege und Gartengestaltung. Profitieren Sie von unserer Erfahrung und schaffen Sie Ihre pers\u00f6nliche Wohlf\u00fchloase! \ud83d\udd39 Nachhaltigkeit & Vielfalt \u2013 Wir setzen auf umweltfreundliche Anbaumethoden und regionale Pflanzen. Bei uns finden Sie alles f\u00fcr ein bl\u00fchendes Zuhause!","legalName":"Pflanzenhof Paulwitz","foundingDate":"1965-01-01","numberOfEmployees":{"@type":"QuantitativeValue","minValue":"11","maxValue":"50"},"address":{"@id":"https:\/\/pflanzenhof-paulwitz.de\/?page_id=113#local-main-place-address"},"telephone":["04321 \/ 31 5 21"],"openingHoursSpecification":[{"@type":"OpeningHoursSpecification","dayOfWeek":["Monday","Tuesday","Wednesday","Thursday","Friday"],"opens":"08:00","closes":"18:00"},{"@type":"OpeningHoursSpecification","dayOfWeek":["Saturday"],"opens":"08:00","closes":"16:00"},{"@type":"OpeningHoursSpecification","dayOfWeek":["Sunday"],"opens":"08:00","closes":"00:00"}],"email":"info@pflanzenhof-paulwitz.de","areaServed":"Gartenbau Pflanzencenter"},{"@type":"PostalAddress","@id":"https:\/\/pflanzenhof-paulwitz.de\/?page_id=113#local-main-place-address","streetAddress":"Norderdorfkamp 26","addressLocality":"Neum\u00fcnster","postalCode":"24536","addressRegion":"Deutschland","addressCountry":"DE"},{"@type":"ImageObject","inLanguage":"de","@id":"https:\/\/pflanzenhof-paulwitz.de\/?page_id=113#local-main-organization-logo","url":"https:\/\/pflanzenhof-paulwitz.de\/wp-content\/uploads\/2021\/09\/logo_neu-1-e1739703116923.jpg","contentUrl":"https:\/\/pflanzenhof-paulwitz.de\/wp-content\/uploads\/2021\/09\/logo_neu-1-e1739703116923.jpg","width":185,"height":128,"caption":"Pflanzenhof Paulwitz"}]},"geo.placename":"Neum\u00fcnster","geo.region":"Deutschland"},"_links":{"self":[{"href":"https:\/\/pflanzenhof-paulwitz.de\/index.php?rest_route=\/wp\/v2\/pages\/113","targetHints":{"allow":["GET"]}}],"collection":[{"href":"https:\/\/pflanzenhof-paulwitz.de\/index.php?rest_route=\/wp\/v2\/pages"}],"about":[{"href":"https:\/\/pflanzenhof-paulwitz.de\/index.php?rest_route=\/wp\/v2\/types\/page"}],"author":[{"embeddable":true,"href":"https:\/\/pflanzenhof-paulwitz.de\/index.php?rest_route=\/wp\/v2\/users\/1"}],"replies":[{"embeddable":true,"href":"https:\/\/pflanzenhof-paulwitz.de\/index.php?rest_route=%2Fwp%2Fv2%2Fcomments&post=113"}],"version-history":[{"count":4,"href":"https:\/\/pflanzenhof-paulwitz.de\/index.php?rest_route=\/wp\/v2\/pages\/113\/revisions"}],"predecessor-version":[{"id":607,"href":"https:\/\/pflanzenhof-paulwitz.de\/index.php?rest_route=\/wp\/v2\/pages\/113\/revisions\/607"}],"wp:attachment":[{"href":"https:\/\/pflanzenhof-paulwitz.de\/index.php?rest_route=%2Fwp%2Fv2%2Fmedia&parent=113"}],"curies":[{"name":"wp","href":"https:\/\/api.w.org\/{rel}","templated":true}]}}